{"id":240,"date":"2020-03-05T00:20:12","date_gmt":"2020-03-04T23:20:12","guid":{"rendered":"https:\/\/www.apigraphe.com\/?page_id=240"},"modified":"2020-03-05T21:06:29","modified_gmt":"2020-03-05T20:06:29","slug":"le-mas-bleu-en-provence","status":"publish","type":"page","link":"https:\/\/www.apigraphe.com\/index.php\/le-mas-bleu-en-provence\/","title":{"rendered":"Le mas bleu en Provence"},"content":{"rendered":"\n<h2>Meubl\u00e9 de tourisme****<\/h2>\n\n\n\n<h3>1-L&rsquo;identit\u00e9 visuelle<\/h3>\n\n\n\n<p>\n        <strong>Il s&rsquo;agit d&rsquo;un site statique r\u00e9alis\u00e9 avec Bootsrap<\/strong><br>\n        Un gabarit a \u00e9t\u00e9 choisi et modifi\u00e9 pour ce site vitrine. Une \nimage de fond associ\u00e9e \u00e0 une opacit\u00e9 permettent un rendu essentielement \ngraphique en page d&rsquo;accueil. Le choix de la police sans empatement pour \nles paragraphes accentu un style volontairement \u00e9pur\u00e9.\n        <\/p>\n\n\n\n<h3>2-D\u00e9veloppement du site<\/h3>\n\n\n\n<ul><li>D\u00e9veloppement d&rsquo;un site statique personnalis\u00e9 avec uniquement les informations essentielles.<\/li><li>Le site s&rsquo;adapte \u00e0 tous les formats d&rsquo;\u00e9crans, il est responsive.<\/li><\/ul>\n\n\n\n<h3>3-L&rsquo;h\u00e9bergement et le fonctionnement du site<\/h3>\n\n\n\n<p>\n        <strong>Site statique r\u00e9alis\u00e9 avec Bootstrap et h\u00e9berg\u00e9 par GitHub Pages<\/strong>.\n Sites web moderne et performant qui n&rsquo;a pas besoin de code c\u00f4t\u00e9 serveur\n (seul l&rsquo;achat du nom de domaine chez OVH a \u00e9t\u00e9 n\u00e9cessaire). C&rsquo;est un \nsite statique sans panneau d&rsquo;administration, les modifications du site \ns&rsquo;effectuent directement dans le code.\n        <\/p>\n\n\n\n<div class=\"wp-block-button aligncenter\"><a class=\"wp-block-button__link\" href=\"https:\/\/www.lemasbleuenprovence.com\/\">Lien vers le site<\/a><\/div>\n","protected":false},"excerpt":{"rendered":"<p>Meubl\u00e9 de tourisme**** 1-L&rsquo;identit\u00e9 visuelle Il s&rsquo;agit d&rsquo;un site statique r\u00e9alis\u00e9 avec Bootsrap Un gabarit a \u00e9t\u00e9 choisi et modifi\u00e9 pour ce site vitrine. Une image de fond associ\u00e9e \u00e0 une opacit\u00e9 permettent un rendu essentielement graphique en page d&rsquo;accueil. Le choix de la police sans empatement pour les paragraphes accentu un style volontairement \u00e9pur\u00e9.&hellip; <br \/> <a class=\"read-more\" href=\"https:\/\/www.apigraphe.com\/index.php\/le-mas-bleu-en-provence\/\">Lire la suite<\/a><\/p>\n","protected":false},"author":1,"featured_media":0,"parent":0,"menu_order":0,"comment_status":"closed","ping_status":"closed","template":"","meta":{"_monsterinsights_skip_tracking":false,"_monsterinsights_sitenote_active":false,"_monsterinsights_sitenote_note":"","_monsterinsights_sitenote_category":0},"_links":{"self":[{"href":"https:\/\/www.apigraphe.com\/index.php\/wp-json\/wp\/v2\/pages\/240"}],"collection":[{"href":"https:\/\/www.apigraphe.com\/index.php\/wp-json\/wp\/v2\/pages"}],"about":[{"href":"https:\/\/www.apigraphe.com\/index.php\/wp-json\/wp\/v2\/types\/page"}],"author":[{"embeddable":true,"href":"https:\/\/www.apigraphe.com\/index.php\/wp-json\/wp\/v2\/users\/1"}],"replies":[{"embeddable":true,"href":"https:\/\/www.apigraphe.com\/index.php\/wp-json\/wp\/v2\/comments?post=240"}],"version-history":[{"count":4,"href":"https:\/\/www.apigraphe.com\/index.php\/wp-json\/wp\/v2\/pages\/240\/revisions"}],"predecessor-version":[{"id":254,"href":"https:\/\/www.apigraphe.com\/index.php\/wp-json\/wp\/v2\/pages\/240\/revisions\/254"}],"wp:attachment":[{"href":"https:\/\/www.apigraphe.com\/index.php\/wp-json\/wp\/v2\/media?parent=240"}],"curies":[{"name":"wp","href":"https:\/\/api.w.org\/{rel}","templated":true}]}}