{"id":255,"date":"2020-03-05T21:17:02","date_gmt":"2020-03-05T20:17:02","guid":{"rendered":"https:\/\/www.apigraphe.com\/?page_id=255"},"modified":"2023-08-08T11:58:00","modified_gmt":"2023-08-08T09:58:00","slug":"monsieur-cafe-plumer","status":"publish","type":"page","link":"https:\/\/www.apigraphe.com\/index.php\/monsieur-cafe-plumer\/","title":{"rendered":"Monsieur Caf\u00e9 Plumer"},"content":{"rendered":"\n<h2>Artiste peintre <\/h2>\n\n\n\n<h3>1-L&rsquo;identit\u00e9 visuelle<\/h3>\n\n\n\n<p>         Site statique r\u00e9alis\u00e9 avec Bootsrap<br>         Le gabarit choisi permet un aper\u00e7u des r\u00e9alisations de l&rsquo;artiste  sous diff\u00e9rents regards. Le choix de la police sans emp\u00e2tement pour les  paragraphes accentue un style volontairement \u00e9pur\u00e9.         <\/p>\n\n\n\n<h2>2-D\u00e9veloppement du site<\/h2>\n\n\n\n<ul><li>D\u00e9veloppement d&rsquo;un site statique personnalis\u00e9.<\/li><li>Le site s&rsquo;adapte \u00e0 tous les formats d&rsquo;\u00e9crans.<\/li><li>Ajout des mentions l\u00e9gales. Aucun cookie n&rsquo;est utilis\u00e9, il n&rsquo;y a donc pas d&rsquo;avertissement.<\/li><li>Site sans base de donn\u00e9es, simple, rapide et robuste.<\/li><\/ul>\n\n\n\n<h2>3-L&rsquo;h\u00e9bergement et le fonctionnement du site<\/h2>\n\n\n\n<p>\n        <strong>Site statique r\u00e9alis\u00e9 avec Bootstrap et h\u00e9berg\u00e9 avec GitHub Pages<\/strong>. Nom de domaine pris chez OVH. Apr\u00e8s une formation, le site peut s&rsquo;administrer en autonomie sans recours \u00e0 un prestataire web.\n        <\/p>\n\n\n\n<div class=\"wp-block-button aligncenter\"><a class=\"wp-block-button__link\" href=\"https:\/\/www.monsieurcafeplumer.art\/\">Lien vers le site<\/a><\/div>\n","protected":false},"excerpt":{"rendered":"<p>Artiste peintre 1-L&rsquo;identit\u00e9 visuelle Site statique r\u00e9alis\u00e9 avec Bootsrap Le gabarit choisi permet un aper\u00e7u des r\u00e9alisations de l&rsquo;artiste sous diff\u00e9rents regards. Le choix de la police sans emp\u00e2tement pour les paragraphes accentue un style volontairement \u00e9pur\u00e9. 2-D\u00e9veloppement du site D\u00e9veloppement d&rsquo;un site statique personnalis\u00e9. Le site s&rsquo;adapte \u00e0 tous les formats d&rsquo;\u00e9crans. Ajout des&hellip; <br \/> <a class=\"read-more\" href=\"https:\/\/www.apigraphe.com\/index.php\/monsieur-cafe-plumer\/\">Lire la suite<\/a><\/p>\n","protected":false},"author":1,"featured_media":0,"parent":0,"menu_order":0,"comment_status":"closed","ping_status":"closed","template":"","meta":{"_monsterinsights_skip_tracking":false,"_monsterinsights_sitenote_active":false,"_monsterinsights_sitenote_note":"","_monsterinsights_sitenote_category":0},"_links":{"self":[{"href":"https:\/\/www.apigraphe.com\/index.php\/wp-json\/wp\/v2\/pages\/255"}],"collection":[{"href":"https:\/\/www.apigraphe.com\/index.php\/wp-json\/wp\/v2\/pages"}],"about":[{"href":"https:\/\/www.apigraphe.com\/index.php\/wp-json\/wp\/v2\/types\/page"}],"author":[{"embeddable":true,"href":"https:\/\/www.apigraphe.com\/index.php\/wp-json\/wp\/v2\/users\/1"}],"replies":[{"embeddable":true,"href":"https:\/\/www.apigraphe.com\/index.php\/wp-json\/wp\/v2\/comments?post=255"}],"version-history":[{"count":4,"href":"https:\/\/www.apigraphe.com\/index.php\/wp-json\/wp\/v2\/pages\/255\/revisions"}],"predecessor-version":[{"id":391,"href":"https:\/\/www.apigraphe.com\/index.php\/wp-json\/wp\/v2\/pages\/255\/revisions\/391"}],"wp:attachment":[{"href":"https:\/\/www.apigraphe.com\/index.php\/wp-json\/wp\/v2\/media?parent=255"}],"curies":[{"name":"wp","href":"https:\/\/api.w.org\/{rel}","templated":true}]}}